be j(3). Suppose -a = m - 4*m. Is m a prime number?
True
Let c(d) be the third derivative of d**5/30 - 3*d**4/8 + d**3/2 - 24*d**2. Suppose 0 = -4*o - 5*z - 17, -2*z + 6 + 0 = 0. Is c(o) a composite number?
True
Suppose 22*f = -5*f + 661473. Is f a prime number?
True
Is 37827 + (-16)/(-2) - (1 - -1) prime?
False
Suppose 206*y - 197*y = 119367. Is y composite?
True
Let l = -10 - -4. Let r be (-4)/6*(-9)/l. Is r/(957/(-318) - -3) composite?
True
Let f be (-2)/(-3)*(2 + 22). Suppose f = 4*b - 4. Suppose 0 = -b*m + 2*m + 381. Is m a prime number?
True
Let z = -14238 - -24961. Is z prime?
True
Let x(t) = -t**3 - 6*t**2 - t - 8. Let l be x(-6). Is l/(-3) + 448/12 prime?
False
Let l(o) = -o**3 - o + 2. Let q be l(0). Suppose 21 = q*u + 13. Suppose 0 = w - f - f - 121, 0 = -u*w + 5*f + 493. Is w a prime number?
True
Let a = 10 - 15. Let s(n) = -14*n - 11. Let g be s(a). Suppose o + 6 = g. Is o a prime number?
True
Is (18248/12)/(6/9) a composite number?
False
Suppose -3*f = -7*f + 6680. Let b = f - 729. Let w = b + -624. Is w a prime number?
True
Let y(u) = -u**3 + 19*u**2 + u - 15. Let b be y(19). Suppose -2*g - 2 = 0, x - b*x - g + 4628 = 0. Is x composite?
False
Let s = 10 - 5. Let u(h) = -s*h + 26*h - 119 + 120. Is u(2) composite?
False
Let k be 5672/20*5*10. Suppose k = 6*x - 8578. Is x a prime number?
True
Suppose -5*l = d + 245, 497 = -2*d - 4*l - 17. Let o = 856 + d. Is o prime?
False
Let h = 6 + 1. Suppose 1228 = h*g - 3*g. Suppose 2*i + g = 3*i. Is i composite?
False
Suppose -152*d = -140*d - 216696. Is d prime?
False
Suppose -4*u + 1212 = -3*s - s, -3*u + 911 = -5*s. Is u composite?
True
Let q = 1 + 4. Suppose -46 = q*h - 16. Let a(z) = -41*z - 13. Is a(h) a prime number?
True
Let n(t) = 1865*t**2 + 30*t + 134. Is n(-5) composite?
True
Suppose c - 190 - 3057 = 0. Is c a prime number?
False
Let k = 18 - 5. Let b = k + -46. Let g = b + 71. Is g composite?
True
Suppose -5*t = -2*y - 3, -2*t = -5*y - 5*t + 8. Is (4 - -390)*y + -1 a prime number?
False
Let c(m) = -372*m - 6. Let w be c(-5). Suppose -w = 4*a - 2*a. Is ((-6)/9)/(6/a) prime?
True
Suppose 10*b = 13*b - 2391. Is b prime?
True
Suppose -476 = -3*b + 4*x, -4*b - 31 = 2*x - 651. Suppose -r + 1131 = 4*a, 2*r - r - 282 = -a. Let o = a - b. Is o composite?
False
Let d(y) = -7123*y**3 - 12*y - 12. Is d(-1) prime?
False
Let i(t) be the first derivative of -79*t**4/2 - t**3 - t**2 + 3*t + 35. Is i(-2) a prime number?
True
Let o(m) be the first derivative of m**3 + 9*m**2/2 - 27*m + 16. Is o(8) a prime number?
False
Suppose -5*p = h - 3912, -151*h + 152*h - 3922 = -3*p. Is h prime?
False
Suppose -5*q - 146 = -5*p + 534, 4*p = -4*q - 520. Let s = q + 271. Suppose 4*c = 4*x - 1534 - s, -3*x - 2*c + 1229 = 0. Is x a prime number?
False
Suppose -20 = 2*d - 28. Is 3572/d + -1 - 3 prime?
False
Let k(q) = 8*q**3 + q**2 + 4*q + 9. Is k(8) a prime number?
True
Let w(c) = -174*c + 10 + 0 - 3. Is w(-4) composite?
True
Suppose 5*f + 23241 = 4*b, 5*b + 2*f = f + 29015. Let c(q) = q**2 - 7*q - 14. Let a be c(9). Is a/(-18) - b/(-36) prime?
False
Is 300/120 + (-5898)/(-4) a composite number?
True
Let i(j) = j**3 + 19*j**2 - 21*j + 17. Let r(s) = s**3 + 3*s**2 + 4*s + 14. Let m be r(-4). Is i(m) prime?
True
Suppose -7*m + 1448 = -6*m. Suppose -m - 887 = -5*l. Is l prime?
True
Let x(u) = 8*u**3 + 2*u**2 - 4*u + 1. Suppose 0 = -4*g - 7 + 3. Let h be g/(-4) + 11/4. Is x(h) a prime number?
True
Suppose -y - 6085 = -2*x, 3*x + 3*y = -y + 9100. Let n = -1963 + x. Is (-4)/(-6)*n/2 a composite number?
False
Suppose -2*y - 282 = 4*h, 4*h - 69 = 5*h + y. Let q = 623 + h. Is q prime?
False
Let q = -410 + 637. Suppose -185 = 2*j + q. Is (j - 3)*(3 + -4) a composite number?
True
Let l(q) = q**3 + q**2 - 5. Let u be l(0). Let x(d) = -d**3 - 6*d**2 - 7*d - 5. Let j be x(u). Suppose -597 = -8*w + j*w. Is w a prime number?
True
Let p be (1 + 0)/(13 - 12). Suppose p - 2 = s. Is s/(-4) - 1563/(-4) prime?
False
Is 9/36 - -1*291426/24 prime?
True
Let g(b) = -529*b**3 + 5*b**2 + 18*b - 13. Is g(-4) a prime number?
True
Let w(t) = 572*t**2 + 13*t + 21. Let i be w(-8). Is (4 - i/(-40)) + 3/(-24) a prime number?
False
Let x(z) be the second derivative of 77*z**3/3 - z**2/2 - 7*z - 3. Let h = 6 - 4. Is x(h) composite?
False
Let i(b) = -248*b + 17. Let g be i(5). Let q = 2862 + g. Is q prime?
False
Suppose -76*c = -98*c + 204094. Is c a composite number?
False
Let z = -193 + -473. Let p = z + 1694. Let x = -615 + p. Is x a prime number?
False
Let r(l) = -l**2 + 11*l - 13. Let f be r(9). Let n be 4478/10 - f/(-25). Suppose -g + 98 = -3*b, -5*g + n = b - 2*b. Is g a prime number?
True
Suppose 11 = -q + 4. Let g(a) = -a**3 - 4*a**2 - 12*a - 5. Is g(q) composite?
True
Let g(f) = 6*f + 15 + 29*f**2 - 16*f + 3*f. Is g(-8) composite?
True
Suppose -2*w - 2*c + 13273 + 917 = 0, 0 = -5*w + 5*c + 35435. Is w a composite number?
True
Let w(d) = 36*d**2 - 19. Is w(4) prime?
True
Let d(x) = 2*x + 41. Let n be d(-16). Is ((-18876)/n - 6/9)/(-2) composite?
False
Suppose 0 = -4*j + 5*j - 2. Let f = -5 + j. Let v(u) = -20*u**3 + u**2 - 4*u - 4. Is v(f) a composite number?
False
Suppose -4*l - 7 = 13, 113 = f - l. Let w = 649 - f. Is w a prime number?
True
Suppose 0 = 2*u - 2*r - 21185 - 13405, 34566 = 2*u + 4*r. Is u composite?
False
Let x = 40 + -36. Is -1*(x + 1*-791) a prime number?
True
Let j = 51 - 47. Suppose 3*x = 4*x + 3*a - 85, j*a = 0. Is x composite?
True
Let b = 1 + 1. Let n be 22*((-3)/b - -2). Let i = n - -2. Is i a composite number?
False
Let o = 4 + 0. Let s(c) = c**3 - c**2 + 2*c. Let t be s(7). Suppose -3*r = r - o*q - t, -r - q = -81. Is r prime?
True
Let y(i) = -3*i - 5. Let l be y(-3). Suppose 4*p = -20, 0 = -l*q - 3*p + 1024 + 73. Is q composite?
True
Let b = -101 + 104. Suppose b*f = d + 5034, 0*f + 5*f = -2*d + 8401. Is f a composite number?
True
Suppose -485 = -2*r + 1077. Is r prime?
False
Suppose -297715 = 9*l - 14*l. Is l a composite number?
True
Suppose 2*l = w - 26810 + 91729, -5*w + 64913 = 2*l. Is l prime?
False
Let f(u) be the third derivative of -1/8*u**4 + 7*u**2 + 8/15*u**5 + 0*u + 0 + 5/6*u**3. Is f(2) a composite number?
False
Let k(c) = 37 - 11*c**2 + 24*c + 7*c**2 + 6*c**2. Is k(-15) composite?
False
Let n(l) = -2*l**3 + 16*l**2 - 16*l - 16. Let m be n(12). Let i = m - -2007. Is i composite?
False
Let l(i) = 277*i**3 - 5*i**2 - 24*i + 79. Is l(6) prime?
False
Let l(o) be the second derivative of o**4 - 2*o**3/3 + 17*o**2/2 - 40*o. Is l(18) a prime number?
True
Let p = 8522 - 5703. Is p composite?
False
Let y(b) = 224*b + 532*b + b - 9. Is y(4) composite?
False
Suppose 2*q + 1524 = 5*t + 4703, 3*t + 1588 = q. Is q a prime number?
True
Let c = 8 + -8. Let n be 1 + c - 490/(-10). Suppose 3*r = -5*b + 632, -n - 72 = -b - 5*r. Is b prime?
True
Let l(u) = 198*u - 13. Suppose 4*z + 4*j = -36, -3*z + 11 = -2*j + 38. Let i(s) = -s**3 - 8*s**2 + 10*s + 13. Let t be i(z). Is l(t) a prime number?
False
Let d be ((-66)/(-9))/((-4)/6). Let v(q) = 3*q**2 - 8*q - 2. Is v(d) a composite number?
False
Let p be 325 + (-4 - (-3 + -5)). Suppose -2*a + p = -923. Is a a prime number?
False
Let n be 762/21 + (-4)/14. Let x be 2/(-9) - (-8)/n. Suppose -4*o - 3*g + 489 + 88 = x, -5*o + 724 = g. Is o composite?
True
Suppose -2*l + 2 = -3*l. Is (l/3)/(9/94851*-6) a composite number?
False
Suppose 2*y + 27 = 5*r, 5*r + 0*r - 22 = -3*y. Suppose 3*o = 2*o - 4, -r*d + o = -4599. Suppose -2*x - 3*b + d = 0, 2*x - b - 1406 = -x. Is x a prime number?
True
Let w(r) = r**2 - 14*r - 9. Let d be (-11 - (0 - -2))/(-1). Let a be w(d). Is ((-6)/4 + 0)*a composite?
True
Let j(o) = -2*o**3 - 19*o**2 + 2*o + 16. Let a be j(-13). Let v = a - 542. Is v prime?
True
Let c be -310*((-7)/(-5) - 1). Let l be (1/(-3))/(-7*(-5)/105). Is l + -1 - (c - 5) prime?
True
Suppose -j + 4*x - 28 = -3*j, -x = -3*j + 7. Suppose -5*c + 8973 = -j*n, 2*n + 2 = n. Is c a composite number?
True
Let l(n) = -14*n - 6. Let x be l(7). Let m be x/3*(-9)/6. Suppose -9 = y - m. Is y composite?
False
Let q = -9327 - -14774. Is q a prime number?
False
Let x(t) = -880*t + 245. Is x(-2) prime?
False
Suppose z + 3 + 9 = 0. Let s(j) = j + 14. Let q be s(z). Suppose p = q*p - 127. Is p a prime number?
True
Let q be 3/6 + (-6)/(-4). Suppose -5 - 1 = -q*m. Suppose -3*l + 11 = 4*c - 66, -m*l = c